nder when v(g) is divided by 18?
12
Let v be (-10)/2*(-12)/12. Let s = 48 + v. Suppose 3*d = -d + 5*w + s, -15 = 3*w. What is the remainder when d is divided by 2?
1
Suppose -77*x = -73*x, -10 = -w - 3*x. Let a(f) = 21*f**2 + 4*f - 3. Calculate the remainder when a(2) is divided by w.
9
Suppose 0 = -4*j + 8, 2*q + j = 4*j + 76. Suppose 4*k - 4*u - 59 = u, -4*k - u + q = 0. Calculate the remainder when -3 + ((-67)/(-2) - 7/14) is divided by k.
8
Suppose 26 = 28*h - 71 - 15. Let m(d) = 4*d + 10. Calculate the remainder when m(7) is divided by h.
2
Let x be (-1)/((-2)/25*6/12). Calculate the remainder when 25 is divided by 1 - x/20 - (-57)/4.
11
Suppose -5*h + 9 = -31. Let r = -1 + h. Calculate the remainder when r is divided by (10/25)/((-1)/(-5)).
1
Let v = -222 - -224. Let l(p) = -p**3 + 7*p**2 - p + 8. What is the remainder when v is divided by l(7)?
0
Suppose 6*r - 3765 + 13917 = 0. What is the remainder when ((-3)/9)/(4 + 6772/r) is divided by 36?
33
Suppose n - 4*n - 21 = 0. Let i be 0*(-2)/(3 + n). Suppose i = 2*k - 88 - 54. What is the remainder when k is divided by 18?
17
Let r = 37 + -42. Let p = r - -52. What is the remainder when 90 is divided by p?
43
Let r = 3 + 2. Suppose -i - 4*t + 4 = 0, -2*t + 35 = r*i + 3*t. What is the remainder when 19 - 2*9/(-6) is divided by i?
6
Suppose x - 534 = -2*q - 4*x, 566 = 2*q - 3*x. What is the remainder when q is divided by 14?
11
Suppose -127 - 223 = -7*y. Suppose 4*w - 479 = -6*f + f, 0 = f - 4*w - 115. What is the remainder when f is divided by y?
49
Suppose -100*p = -109*p + 225. What is the remainder when 115 is divided by p?
15
Suppose -o + 5*u - 8 = 0, 13*o = 10*o - 2*u + 44. Suppose 2*d + 9*f - o*f - 16 = 0, 5*d + 2*f = 59. What is the remainder when 97 is divided by d?
9
Suppose -5*k + h + 67 = 0, 5*k + h - 45 = 2*k. Calculate the remainder when 82 is divided by k.
12
Let n be (2/6)/((-8)/(-72)). Suppose 1 = 2*r - 3*r, n*i + r - 233 = 0. What is the remainder when i is divided by 16?
14
Let h = -15 - -31. Suppose -s - 7 = -2*s. Suppose 0 = -s*r + 63. What is the remainder when h is divided by r?
7
Let z(g) = -4*g**3 - 12*g**2 - 42*g + 7. What is the remainder when z(-4) is divided by 47?
4
Let m = -71 - -110. Let v(s) = -s**2 - s - 4*s - 8*s - 26. What is the remainder when m is divided by v(-5)?
11
Let v(w) = 8*w**2 + 346*w + 1024. Suppose 2*l + 0*b + b = 68, 4*b - 48 = -l. Calculate the remainder when v(-3) is divided by l.
26
Suppose z + 2*z = -6, 2*b + z = -2. Suppose b = -g - 6 + 10. Suppose -c + 19 - 6 = 0. Calculate the remainder when c is divided by g.
1
Suppose 0 = 7*c - 2*c - 280. Suppose 0 = -2*w - 0*w + 160. Suppose 5*f - 5*u = w, 3*f + 0*f + 5*u - 72 = 0. Calculate the remainder when c is divided by f.
18
Let u(y) = y**2 - 9*y + 10. Let o be u(8). Calculate the remainder when o*87 + -2 + (-5 - -4) is divided by 35.
31
Suppose -4*s = 14*s + 14*s - 480. Calculate the remainder when s is divided by (-1 + -11)*4/(-6).
7
Let r(s) = -s**3 - 2*s**2 - 2*s - 1. Let z be r(-3). Let q = 6 + z. Suppose 2*k - 25 = -2*n + 3*n, -4*n + q = 0. What is the remainder when k is divided by 4?
3
Calculate the remainder when 369 is divided by (39 + (-2 - 6))*(-1)/(-1).
28
Suppose 3*j - 185 = -110. Calculate the remainder when 107 is divided by j.
7
Suppose 4*p + 70 = 5*i, -2*i = -p - 19 - 12. Let d = -42 + i. Let j = d + 59. What is the remainder when j is divided by 18?
17
Let w = 2 - -12. What is the remainder when 27 is divided by w?
13
What is the remainder when 60*((-31)/10)/(118/(-295)) is divided by 18?
15
Let f(m) = m**3 - 41*m**2 - 127*m + 10. Let g = 112 + -79. Calculate the remainder when f(44) is divided by g.
32
Let r(u) be the second derivative of u**4/6 + u**3/2 - 11*u**2/2 + 3*u. What is the remainder when 78 is divided by r(3)?
14
Let j(k) be the third derivative of k**4/8 + k**3/3 + 9*k**2. Let l = 3 - -3. What is the remainder when 56 is divided by j(l)?
16
Suppose -4*m + 7*m - 12 = 0. Suppose -m*v - 52 = -s, 2*s - 148 = -2*s + v. Calculate the remainder when 107 is divided by s.
35
Calculate the remainder when 42/(4*(-6)/(-40)) is divided by 12.
10
Suppose 5*t + 3*s - 1 - 1460 = 0, 0 = -3*t - 3*s + 879. Suppose 5*x + c - t = 0, 158 + 14 = 3*x - 2*c. What is the remainder when x is divided by 15?
13
Suppose -3567 = -49*h + 8*h. What is the remainder when h is divided by 44?
43
Suppose 2*w + 15 + 1 = 0. Let r = 4 - w. What is the remainder when (48 + (2 - 3))/1 is divided by r?
11
Suppose 0 = -5*f + 4*n - 17 + 133, 4*f = 2*n + 94. Let c(k) = -k + 3. Let d be c(6). Let h(x) = 6*x**2 + x - 4. What is the remainder when h(d) is divided by f?
23
Suppose 2*q - 7 = -5*r + 25, -r + 5*q = -1. Let f be 3 + (2 - 11) + 4. What is the remainder when f/5 - 820/(-50) is divided by r?
4
Let v(m) = -m**3 - 15*m**2 - 5*m + 6. Let n be v(-15). Let r = -53 + n. What is the remainder when 83 is divided by r?
27
Suppose -84*m = -46*m - 3382. Calculate the remainder when m is divided by 30.
29
Let g be 3 + -1 + (1 - 1). Suppose 8 = 2*y + 2*p + 2, -4*y = -p + 3. Suppose -b - 2 = y, a - g*b - 42 = -12. What is the remainder when 102 is divided by a?
24
Suppose 2*r - 4636 = 7*s - 3*s, -3*r + 6914 = 2*s. What is the remainder when r is divided by 11?
9
Let d = -1181 - -1398. Calculate the remainder when d is divided by 22.
19
Let r = 501 + -392. Calculate the remainder when r is divided by 57.
52
Let p(m) = -15*m - 49. What is the remainder when p(-9) is divided by 44?
42
Let u(y) = 52*y + 1024. Let m(t) = -t**2 + 20*t - 11. What is the remainder when m(10) is divided by u(-19)?
17
Let d(h) = -h + 24. Let w be (126/(-12))/(3/(-8)*2). Calculate the remainder when 57 is divided by d(w).
7
Let k = 9 - 6. Let m = k - 2. Suppose -34*v + 8 = -30*v. What is the remainder when v is divided by m?
0
Let q(c) = -c**2 + 11*c - 5. Let n be q(10). What is the remainder when 4 + n*(1 + 1) is divided by 6?
2
What is the remainder when (-18981)/(-36) - (3 + 11/(-4)) is divided by 10?
7
Let u(g) = 14*g - 156. What is the remainder when 89 is divided by u(12)?
5
Let z(c) be the first derivative of 8*c**2 + 1. Let r(m) = -m**3 + 4*m**2 - 2*m + 9. Let d be r(4). What is the remainder when 61 is divided by z(d)?
13
Suppose 19*x - 10 = 14*x. Calculate the remainder when 40 is divided by ((-48)/(-14))/(x/14).
16
Let t = -1024 - -1089. Calculate the remainder when 462 is divided by t.
7
Let c = -117 - -126. What is the remainder when 23 is divided by c?
5
Suppose 6*r = -159 - 123. Let j = r - -87. Suppose -u - 28 = -3*u. Calculate the remainder when j is divided by u.
12
Calculate the remainder when 64 is divided by -1 - 354/(-10) - (-14)/(-35).
30
Let o(t) = -t**2 + 11*t + 24. Suppose x + 3*f - 7 = 6*f, 0 = 3*f - 15. Let n = -10 + x. Calculate the remainder when o(10) is divided by n.
10
Suppose -6*y + 275 - 65 = 0. Let w be (-2)/6 - 49/(-21). Suppose -k + w*o = -y, -2*o + 19 = k - 0*o. Calculate the remainder when k is divided by 10.
7
Let j = -639 + 647. What is the remainder when 279 is divided by j?
7
Suppose 4*k - 2*k = -2*q + 16, 2*q = k + 1. Suppose 29 + 34 = q*j. Calculate the remainder when j is divided by 3.
0
Let s(u) = 11*u + 7. Let q be s(-4). Let z = q + 44. Calculate the remainder when 41 is divided by z.
6
Suppose 3*j = 96 + 195. What is the remainder when j is divided by (-1 - 48 - 1)/(16/(-8))?
22
Calculate the remainder when (-60)/((-2 - -1) + -1) is divided by 11.
8
Suppose 2926 = 18*u + 1216. Calculate the remainder when u is divided by 14.
11
Suppose 0 = -5*q + d - 115, -3*d = -q - 0*d - 23. Calculate the remainder when (9 + -10)/(1/q) is divided by 9.
5
Suppose 1420 = 18*h - 290. Calculate the remainder when h is divided by 52.
43
Suppose 4*h + 31 = 4*l - 41, l - 3*h = 26. Calculate the remainder when 20/30 - (-163)/3 is divided by l.
13
Suppose -2*b - 4*j - 742 = -4*b, 4*b = 5*j + 1496. Calculate the remainder when b is divided by 19.
18
Let f(p) = -p**3 - p**2 + p + 7. Suppose n = -1 + 5. Let a(s) = 22*s - 3. Calculate the remainder when a(n) is divided by f(-3).
19
Suppose -5*b - 16 = -4*n, 0*n - 2*n = -8. Suppose -5*w + 169 - 34 = b. What is the remainder when 8 is divided by (-6)/w - (-58)/18?
2
Let f(p) = p**3 - 2*p**2 - 3*p - p - 7 - 8 + 23. What is the remainder when f(4) is divided by 13?
11